{"id":136,"date":"2024-02-22T12:46:50","date_gmt":"2024-02-22T11:46:50","guid":{"rendered":"https:\/\/www.arrow-breizh.fr\/lire\/?page_id=136"},"modified":"2024-04-20T13:08:04","modified_gmt":"2024-04-20T11:08:04","slug":"les-benevoles-relais","status":"publish","type":"page","link":"https:\/\/lireetfairelire49.fr\/index.php\/les-benevoles-relais\/","title":{"rendered":"Les b\u00e9n\u00e9voles relais"},"content":{"rendered":"\n<h1 class=\"wp-block-heading\"><\/h1>\n\n\n\n<p>Un b\u00e9n\u00e9vole relais est un b\u00e9n\u00e9vole qui va accompagner sur le terrain mais qui va aussi organiser des rencontres avec les b\u00e9n\u00e9voles de son secteur. Il existe une quinzaine de b\u00e9n\u00e9voles relais sur le d\u00e9partement.<\/p>\n\n\n\n<p>Les objectifs de ces rencontres sont multiples. Mieux se conna\u00eetre, \u00e9changer nos coups de c\u0153ur, nos exp\u00e9riences sur le terrain, nos savoirs- faire et pr\u00e9parer \u00e9ventuellement des projets communs.<\/p>\n\n\n\n<h2 class=\"wp-block-heading\">Ci-dessous les coordonn\u00e9es de nos relais<\/h2>\n\n\n\n<p>suivant les choix faits , une demande de transmission du fichier ou bien via l&rsquo;identifiant du site la possibilit\u00e9 de t\u00e9l\u00e9charger un fichier<\/p>\n","protected":false},"excerpt":{"rendered":"<p>Un b\u00e9n\u00e9vole relais est un b\u00e9n\u00e9vole qui va accompagner sur le terrain mais qui va aussi organiser des rencontres avec les b\u00e9n\u00e9voles de son secteur. Il existe une quinzaine de b\u00e9n\u00e9voles relais sur le d\u00e9partement. Les objectifs de ces rencontres sont multiples. Mieux se conna\u00eetre, \u00e9changer nos coups de c\u0153ur, &hellip; <\/p>\n","protected":false},"author":8,"featured_media":0,"parent":0,"menu_order":0,"comment_status":"closed","ping_status":"closed","template":"","meta":{"_uag_custom_page_level_css":"","_mc_calendar":[],"footnotes":""},"class_list":["post-136","page","type-page","status-publish","hentry"],"yoast_head":"<!-- This site is optimized with the Yoast SEO plugin v26.6 - https:\/\/yoast.com\/wordpress\/plugins\/seo\/ -->\n<title>Les b\u00e9n\u00e9voles relais % - Lire et faire Lire Maine et Loire<\/title>\n<meta name=\"robots\" content=\"index, follow, max-snippet:-1, max-image-preview:large, max-video-preview:-1\" \/>\n<link rel=\"canonical\" href=\"https:\/\/lireetfairelire49.fr\/index.php\/les-benevoles-relais\/\" \/>\n<meta property=\"og:locale\" content=\"fr_FR\" \/>\n<meta property=\"og:type\" content=\"article\" \/>\n<meta property=\"og:title\" content=\"Les b\u00e9n\u00e9voles relais % - Lire et faire Lire Maine et Loire\" \/>\n<meta property=\"og:description\" content=\"Un b\u00e9n\u00e9vole relais est un b\u00e9n\u00e9vole qui va accompagner sur le terrain mais qui va aussi organiser des rencontres avec les b\u00e9n\u00e9voles de son secteur. Il existe une quinzaine de b\u00e9n\u00e9voles relais sur le d\u00e9partement. Les objectifs de ces rencontres sont multiples. Mieux se conna\u00eetre, \u00e9changer nos coups de c\u0153ur, &hellip;\" \/>\n<meta property=\"og:url\" content=\"https:\/\/lireetfairelire49.fr\/index.php\/les-benevoles-relais\/\" \/>\n<meta property=\"og:site_name\" content=\"Lire et faire Lire Maine et Loire\" \/>\n<meta property=\"article:modified_time\" content=\"2024-04-20T11:08:04+00:00\" \/>\n<meta property=\"og:image\" content=\"https:\/\/lireetfairelire49.fr\/wp-content\/uploads\/2024\/04\/cropped-bandeau-final-bb-1-1.png\" \/>\n\t<meta property=\"og:image:width\" content=\"1920\" \/>\n\t<meta property=\"og:image:height\" content=\"499\" \/>\n\t<meta property=\"og:image:type\" content=\"image\/png\" \/>\n<meta name=\"twitter:card\" content=\"summary_large_image\" \/>\n<meta name=\"twitter:label1\" content=\"Dur\u00e9e de lecture estim\u00e9e\" \/>\n\t<meta name=\"twitter:data1\" content=\"1 minute\" \/>\n<script type=\"application\/ld+json\" class=\"yoast-schema-graph\">{\"@context\":\"https:\/\/schema.org\",\"@graph\":[{\"@type\":\"WebPage\",\"@id\":\"https:\/\/lireetfairelire49.fr\/index.php\/les-benevoles-relais\/\",\"url\":\"https:\/\/lireetfairelire49.fr\/index.php\/les-benevoles-relais\/\",\"name\":\"Les b\u00e9n\u00e9voles relais % - Lire et faire Lire Maine et Loire\",\"isPartOf\":{\"@id\":\"https:\/\/lireetfairelire49.fr\/#website\"},\"datePublished\":\"2024-02-22T11:46:50+00:00\",\"dateModified\":\"2024-04-20T11:08:04+00:00\",\"breadcrumb\":{\"@id\":\"https:\/\/lireetfairelire49.fr\/index.php\/les-benevoles-relais\/#breadcrumb\"},\"inLanguage\":\"fr-FR\",\"potentialAction\":[{\"@type\":\"ReadAction\",\"target\":[\"https:\/\/lireetfairelire49.fr\/index.php\/les-benevoles-relais\/\"]}]},{\"@type\":\"BreadcrumbList\",\"@id\":\"https:\/\/lireetfairelire49.fr\/index.php\/les-benevoles-relais\/#breadcrumb\",\"itemListElement\":[{\"@type\":\"ListItem\",\"position\":1,\"name\":\"Accueil\",\"item\":\"https:\/\/lireetfairelire49.fr\/\"},{\"@type\":\"ListItem\",\"position\":2,\"name\":\"Les b\u00e9n\u00e9voles relais\"}]},{\"@type\":\"WebSite\",\"@id\":\"https:\/\/lireetfairelire49.fr\/#website\",\"url\":\"https:\/\/lireetfairelire49.fr\/\",\"name\":\"blog Lire et faire Lire Maine et Loire\",\"description\":\"\",\"publisher\":{\"@id\":\"https:\/\/lireetfairelire49.fr\/#organization\"},\"alternateName\":\"Le blog des b\u00e9n\u00e9voles\",\"potentialAction\":[{\"@type\":\"SearchAction\",\"target\":{\"@type\":\"EntryPoint\",\"urlTemplate\":\"https:\/\/lireetfairelire49.fr\/?s={search_term_string}\"},\"query-input\":{\"@type\":\"PropertyValueSpecification\",\"valueRequired\":true,\"valueName\":\"search_term_string\"}}],\"inLanguage\":\"fr-FR\"},{\"@type\":\"Organization\",\"@id\":\"https:\/\/lireetfairelire49.fr\/#organization\",\"name\":\"b\u00e9n\u00e9voles de Lire et faire Lire Maine et Loire\",\"url\":\"https:\/\/lireetfairelire49.fr\/\",\"logo\":{\"@type\":\"ImageObject\",\"inLanguage\":\"fr-FR\",\"@id\":\"https:\/\/lireetfairelire49.fr\/#\/schema\/logo\/image\/\",\"url\":\"https:\/\/lireetfairelire49.fr\/wp-content\/uploads\/2024\/03\/cropped-logo-2016.png\",\"contentUrl\":\"https:\/\/lireetfairelire49.fr\/wp-content\/uploads\/2024\/03\/cropped-logo-2016.png\",\"width\":512,\"height\":512,\"caption\":\"b\u00e9n\u00e9voles de Lire et faire Lire Maine et Loire\"},\"image\":{\"@id\":\"https:\/\/lireetfairelire49.fr\/#\/schema\/logo\/image\/\"}}]}<\/script>\n<!-- \/ Yoast SEO plugin. -->","yoast_head_json":{"title":"Les b\u00e9n\u00e9voles relais % - Lire et faire Lire Maine et Loire","robots":{"index":"index","follow":"follow","max-snippet":"max-snippet:-1","max-image-preview":"max-image-preview:large","max-video-preview":"max-video-preview:-1"},"canonical":"https:\/\/lireetfairelire49.fr\/index.php\/les-benevoles-relais\/","og_locale":"fr_FR","og_type":"article","og_title":"Les b\u00e9n\u00e9voles relais % - Lire et faire Lire Maine et Loire","og_description":"Un b\u00e9n\u00e9vole relais est un b\u00e9n\u00e9vole qui va accompagner sur le terrain mais qui va aussi organiser des rencontres avec les b\u00e9n\u00e9voles de son secteur. Il existe une quinzaine de b\u00e9n\u00e9voles relais sur le d\u00e9partement. Les objectifs de ces rencontres sont multiples. Mieux se conna\u00eetre, \u00e9changer nos coups de c\u0153ur, &hellip;","og_url":"https:\/\/lireetfairelire49.fr\/index.php\/les-benevoles-relais\/","og_site_name":"Lire et faire Lire Maine et Loire","article_modified_time":"2024-04-20T11:08:04+00:00","og_image":[{"width":1920,"height":499,"url":"https:\/\/lireetfairelire49.fr\/wp-content\/uploads\/2024\/04\/cropped-bandeau-final-bb-1-1.png","type":"image\/png"}],"twitter_card":"summary_large_image","twitter_misc":{"Dur\u00e9e de lecture estim\u00e9e":"1 minute"},"schema":{"@context":"https:\/\/schema.org","@graph":[{"@type":"WebPage","@id":"https:\/\/lireetfairelire49.fr\/index.php\/les-benevoles-relais\/","url":"https:\/\/lireetfairelire49.fr\/index.php\/les-benevoles-relais\/","name":"Les b\u00e9n\u00e9voles relais % - Lire et faire Lire Maine et Loire","isPartOf":{"@id":"https:\/\/lireetfairelire49.fr\/#website"},"datePublished":"2024-02-22T11:46:50+00:00","dateModified":"2024-04-20T11:08:04+00:00","breadcrumb":{"@id":"https:\/\/lireetfairelire49.fr\/index.php\/les-benevoles-relais\/#breadcrumb"},"inLanguage":"fr-FR","potentialAction":[{"@type":"ReadAction","target":["https:\/\/lireetfairelire49.fr\/index.php\/les-benevoles-relais\/"]}]},{"@type":"BreadcrumbList","@id":"https:\/\/lireetfairelire49.fr\/index.php\/les-benevoles-relais\/#breadcrumb","itemListElement":[{"@type":"ListItem","position":1,"name":"Accueil","item":"https:\/\/lireetfairelire49.fr\/"},{"@type":"ListItem","position":2,"name":"Les b\u00e9n\u00e9voles relais"}]},{"@type":"WebSite","@id":"https:\/\/lireetfairelire49.fr\/#website","url":"https:\/\/lireetfairelire49.fr\/","name":"blog Lire et faire Lire Maine et Loire","description":"","publisher":{"@id":"https:\/\/lireetfairelire49.fr\/#organization"},"alternateName":"Le blog des b\u00e9n\u00e9voles","potentialAction":[{"@type":"SearchAction","target":{"@type":"EntryPoint","urlTemplate":"https:\/\/lireetfairelire49.fr\/?s={search_term_string}"},"query-input":{"@type":"PropertyValueSpecification","valueRequired":true,"valueName":"search_term_string"}}],"inLanguage":"fr-FR"},{"@type":"Organization","@id":"https:\/\/lireetfairelire49.fr\/#organization","name":"b\u00e9n\u00e9voles de Lire et faire Lire Maine et Loire","url":"https:\/\/lireetfairelire49.fr\/","logo":{"@type":"ImageObject","inLanguage":"fr-FR","@id":"https:\/\/lireetfairelire49.fr\/#\/schema\/logo\/image\/","url":"https:\/\/lireetfairelire49.fr\/wp-content\/uploads\/2024\/03\/cropped-logo-2016.png","contentUrl":"https:\/\/lireetfairelire49.fr\/wp-content\/uploads\/2024\/03\/cropped-logo-2016.png","width":512,"height":512,"caption":"b\u00e9n\u00e9voles de Lire et faire Lire Maine et Loire"},"image":{"@id":"https:\/\/lireetfairelire49.fr\/#\/schema\/logo\/image\/"}}]}},"uagb_featured_image_src":{"full":false,"thumbnail":false,"medium":false,"medium_large":false,"large":false,"1536x1536":false,"2048x2048":false,"bam-large":false,"bam-featured":false,"bam-list":false,"bam-thumb":false,"bam-small":false},"uagb_author_info":{"display_name":"Charlotte DA Silva","author_link":"https:\/\/lireetfairelire49.fr\/index.php\/author\/ufol49\/"},"uagb_comment_info":0,"uagb_excerpt":"Un b\u00e9n\u00e9vole relais est un b\u00e9n\u00e9vole qui va accompagner sur le terrain mais qui va aussi organiser des rencontres avec les b\u00e9n\u00e9voles de son secteur. Il existe une quinzaine de b\u00e9n\u00e9voles relais sur le d\u00e9partement. Les objectifs de ces rencontres sont multiples. Mieux se conna\u00eetre, \u00e9changer nos coups de c\u0153ur, &hellip;","_links":{"self":[{"href":"https:\/\/lireetfairelire49.fr\/index.php\/wp-json\/wp\/v2\/pages\/136","targetHints":{"allow":["GET"]}}],"collection":[{"href":"https:\/\/lireetfairelire49.fr\/index.php\/wp-json\/wp\/v2\/pages"}],"about":[{"href":"https:\/\/lireetfairelire49.fr\/index.php\/wp-json\/wp\/v2\/types\/page"}],"author":[{"embeddable":true,"href":"https:\/\/lireetfairelire49.fr\/index.php\/wp-json\/wp\/v2\/users\/8"}],"replies":[{"embeddable":true,"href":"https:\/\/lireetfairelire49.fr\/index.php\/wp-json\/wp\/v2\/comments?post=136"}],"version-history":[{"count":3,"href":"https:\/\/lireetfairelire49.fr\/index.php\/wp-json\/wp\/v2\/pages\/136\/revisions"}],"predecessor-version":[{"id":1899,"href":"https:\/\/lireetfairelire49.fr\/index.php\/wp-json\/wp\/v2\/pages\/136\/revisions\/1899"}],"wp:attachment":[{"href":"https:\/\/lireetfairelire49.fr\/index.php\/wp-json\/wp\/v2\/media?parent=136"}],"curies":[{"name":"wp","href":"https:\/\/api.w.org\/{rel}","templated":true}]}}